{"id":38,"date":"2022-11-12T15:01:57","date_gmt":"2022-11-12T15:01:57","guid":{"rendered":"https:\/\/grisjun.hi.is\/?page_id=38"},"modified":"2022-11-26T10:40:16","modified_gmt":"2022-11-26T10:40:16","slug":"project-report","status":"publish","type":"page","link":"https:\/\/grisjun.hi.is\/?page_id=38","title":{"rendered":"Project Report"},"content":{"rendered":"\n<p>The results of this research project can be found in the Project Report linked below. The report covers the parameters of the project, what the initial and final research aims were, background information on the museums we worked with, fieldwork and interview notes, critical analysis through the application of museology and the circular economy, and the ultimate results. This project is an important step towards acknowledging and addressing prominent issues facing Icelandic museums and their collections.<\/p>\n\n\n\n<p><a href=\"https:\/\/grisjun.hi.is\/wp-content\/uploads\/2022\/11\/Project-Report-Final.pdf\" target=\"_blank\" rel=\"noreferrer noopener\">Project Report &#8211; N\u00fdsk\u00f6punarsj\u00f3\u00f0s n\u00e1msmanna og styrk\u00feega:<br>Grisjun safnkosts og hringr\u00e1sarhagkerfi\u00f0<\/a><\/p>\n","protected":false},"excerpt":{"rendered":"<p>The results of this research project can be found in the Project Report linked below. The report covers the parameters of the project, what the initial and final research aims were, background information on the museums we worked with, fieldwork and interview notes, critical analysis through the application of museology and the circular economy, and&hellip; <a class=\"more-link\" href=\"https:\/\/grisjun.hi.is\/?page_id=38\">Continue reading <span class=\"screen-reader-text\">Project Report<\/span><\/a><\/p>\n","protected":false},"author":2,"featured_media":0,"parent":0,"menu_order":0,"comment_status":"closed","ping_status":"closed","template":"","meta":{"footnotes":""},"class_list":["post-38","page","type-page","status-publish","hentry","entry"],"_links":{"self":[{"href":"https:\/\/grisjun.hi.is\/index.php?rest_route=\/wp\/v2\/pages\/38","targetHints":{"allow":["GET"]}}],"collection":[{"href":"https:\/\/grisjun.hi.is\/index.php?rest_route=\/wp\/v2\/pages"}],"about":[{"href":"https:\/\/grisjun.hi.is\/index.php?rest_route=\/wp\/v2\/types\/page"}],"author":[{"embeddable":true,"href":"https:\/\/grisjun.hi.is\/index.php?rest_route=\/wp\/v2\/users\/2"}],"replies":[{"embeddable":true,"href":"https:\/\/grisjun.hi.is\/index.php?rest_route=%2Fwp%2Fv2%2Fcomments&post=38"}],"version-history":[{"count":5,"href":"https:\/\/grisjun.hi.is\/index.php?rest_route=\/wp\/v2\/pages\/38\/revisions"}],"predecessor-version":[{"id":85,"href":"https:\/\/grisjun.hi.is\/index.php?rest_route=\/wp\/v2\/pages\/38\/revisions\/85"}],"wp:attachment":[{"href":"https:\/\/grisjun.hi.is\/index.php?rest_route=%2Fwp%2Fv2%2Fmedia&parent=38"}],"curies":[{"name":"wp","href":"https:\/\/api.w.org\/{rel}","templated":true}]}}